e -32*g + 79976 - 26824 = 0. What is the greatest common divisor of g and 151?
151
Let j = 158 - 160. Let c(s) = -51*s - 14. Let n be c(j). Calculate the highest common divisor of n and 99.
11
Let o be (-1)/((-9)/2) - (4862/(-234) + -4). Calculate the greatest common factor of 2025 and o.
25
Let c = -636 + 481. Let q be (-4)/(-10) + (-48763)/c. What is the greatest common divisor of q and 70?
35
Let j be (-1)/(2/(-4)*1). Let i(g) = g**2 - 6*g + 487. Let p be i(0). Let n = p - 486. Calculate the greatest common divisor of n and j.
1
Let n(y) = 4*y**3 - 5*y**2 - 2*y + 3. Let k be n(3). Suppose -5*f - 4*g = -k, -2*g + 49 = 4*f + g. What is the highest common factor of 4 and f?
4
Suppose 356*i - 122*i - 75144 = 133*i. Let c(x) = x**2 + 3. Let q be c(-3). What is the greatest common factor of i and q?
12
Let d(z) = 14 - 11*z + z**3 + 16*z**2 + 4*z - z + 7*z. Let l be d(-16). What is the greatest common factor of l and 18?
6
Suppose 43 + 125 = 2*x. Suppose 6*a = 5*a + 4*n + 84, -n = 2*a - 141. Let f = x - a. What is the highest common factor of 4 and f?
4
Let b be (-7665)/(-40) + 60/160. Let m be (-21)/(-2)*(2 + -4). Let a = m + 45. Calculate the highest common factor of a and b.
24
Let o be (5 + -2 - 5)*77. Let t = -140 - o. Calculate the greatest common factor of 98 and t.
14
Let i be -8 - (-40 - (-84)/(-12)). What is the greatest common factor of i and 507?
39
Let g be (-22 + 1)*350/(-10). Calculate the greatest common factor of 7595 and g.
245
Let b(x) = 3*x + 4*x - x + x**2 - x - 14. Let h(i) = -i**2 + 12*i + 32. Let y be h(14). Let s be b(y). Calculate the highest common divisor of 33 and s.
11
Suppose -34 = -0*x - 2*x - 4*j, j - 58 = -5*x. Let y be (8 + 3)*55/11. What is the highest common factor of y and x?
11
Let o(v) = -v**3 - 10*v**2 + 20*v - 8. Let k be o(-11). Let s = -102 - k. Calculate the greatest common factor of 2 and s.
1
Suppose n + 2 = 3*p, -4*p + 9*p + 2*n - 18 = 0. Suppose 4*u = -w - w + 334, -p*w + 2*u = -358. Calculate the greatest common divisor of 25 and w.
25
Let p(c) = -c - 1. Let i be p(-3). Suppose -3*s + 4435 = 2*s. Suppose -i*b - 263 = -s. Calculate the greatest common factor of b and 39.
39
Suppose 4 = 4*s + 4*c, 4*c - 2*c - 2 = 0. Suppose 10*y - 8*y - 8 = s. Suppose -5*f = -y*f - 54. What is the highest common factor of f and 18?
18
Let t be (0/(-1))/(-1) + -2. Let c be -2*(45/t - 0). Suppose -i - 5*p = -33, -2*i + 3*i - p - 15 = 0. What is the greatest common factor of c and i?
9
Suppose 0 = -5*p + 36 + 79. Let d be 1716512/2765 + (6 - 2)/20. What is the greatest common factor of p and d?
23
Suppose -3*z - 2*p = 213, 9*z - 11*z - 2*p = 142. Suppose 0 = s + 3, 5*s + 185 = 2*t + 2*s. Let w = z + t. What is the highest common factor of w and 136?
17
Let y = 374 + -715. Let b = y + 699. Suppose 5*f - 682 = b. Calculate the greatest common factor of f and 16.
16
Let y = 1390 + -718. Let m = 246326 - 246305. What is the greatest common factor of m and y?
21
Let w(f) = -f + 84. Let v be w(0). Let q = 226 + -202. Suppose 0 = 18*j - 20*j + q. What is the highest common divisor of j and v?
12
Let m(i) = 22 - 2*i**2 + i**2 + 5*i + 0*i**2 + 50. Let o be m(-6). What is the highest common factor of o and 30?
6
Suppose -6*b + 20 = -2*b - 2*d, 5*d - 25 = -5*b. Let q(o) = 21*o + 21. Let m be q(b). Calculate the highest common factor of 14 and m.
14
Suppose 3*v = 4*j + 6*v - 3767, 4*j = 4*v + 3788. Calculate the highest common divisor of j and 3422.
118
Let v(z) = -11*z - 91. Suppose 7*r + 135 = -8*r. Let g be v(r). What is the greatest common factor of 192 and g?
8
Let d = -217 - -216. Let s be 62/(-217) + d/(14/(-522)). Calculate the highest common divisor of 407 and s.
37
Let s(x) = -x**3 - 13*x**2 + 8*x - 17. Let m = 0 + -14. Let h be s(m). What is the greatest common divisor of 402 and h?
67
Let b = 9248 + -19. What is the greatest common divisor of b and 11?
11
Let j be 68 - (-1 - (4 + (-9 - -2))). Let f be (-262)/(-3) - (-2)/3. What is the greatest common divisor of f and j?
22
Let j = 34902 - 31720. Calculate the greatest common factor of 1548 and j.
86
Suppose -2407*p + 2413*p - 42 = 0. Let m be ((-7)/((-1)/(-1)))/(-1). Calculate the highest common divisor of m and p.
7
Let n = 92 + 102. Let x be 18/30 - n/(-10). Calculate the greatest common divisor of 4 and x.
4
Suppose -164 - 36 = -5*n. Suppose 2*s - l - 177 = 0, -344 + 77 = -3*s + 3*l. Let b be 11 + -6 + s/8. Calculate the greatest common divisor of n and b.
8
Let o = 1288 - 890. What is the greatest common factor of o and 2?
2
Let a = -132 - -141. Suppose -a*j = -2*j - 56. What is the highest common factor of 296 and j?
8
Suppose 7*d + 134 - 25 = 2*y, -2*d = -4*y + 206. What is the greatest common factor of 24 and y?
3
Suppose -k = 38 - 480. Let c = -211 + k. What is the highest common factor of 42 and c?
21
Let c(t) = t**3 - 38*t**2 + 36*t - 15. Let v be c(37). Let h = -38 - v. What is the highest common divisor of 4 and h?
2
Let r(a) be the first derivative of 2*a**3/3 + 7*a**2/2 - 6*a - 64. Let x be r(4). Calculate the highest common factor of x and 6.
6
Let x = 68528 + -68511. Suppose -4*w + 87 + 185 = 0. What is the greatest common factor of w and x?
17
Let b = 17 + -5. Suppose 5*j - u = 174, -4*j + 4*u = u - 137. Let o = j - 11. What is the greatest common factor of b and o?
12
Suppose 4*b = 4*z + 72, b + 10 - 28 = -z. Let r(s) = -s**3 + 16*s**2 - 45*s + 9. Let a be r(6). What is the greatest common divisor of b and a?
9
Let x(l) = 59*l**2 - 57*l + 602. Let o be x(10). What is the greatest common factor of o and 4?
4
Let z = 394 + -338. Suppose -4*a = 2*l - 288, 2*l - 11*a - 313 = -10*a. What is the greatest common factor of z and l?
14
Let f = -18 - -23. Suppose -124 = h + h + 5*p, -124 = 2*h + 2*p. Let d = h + 64. Calculate the highest common factor of f and d.
1
Suppose -3*f + 9450 = 3*v - 7134, 2*v - 6 = 0. What is the highest common factor of f and 100?
25
Suppose 4*r + i = -0*r + 6458, 2*r + i - 3228 = 0. Suppose -4*z - 2*g = -378, 3*z - 5*g - 282 = -8*g. Calculate the highest common divisor of z and r.
95
Suppose -11*j = -12*j - 11*j. Suppose -m + 15 = -6*m. Let q be m/(-4)*(40 + 4 + j). What is the greatest common factor of 165 and q?
33
Suppose 3*u + 5*i - 194 = 0, 3*u + i = 100 + 102. Calculate the highest common divisor of 8500 and u.
68
Suppose -44*c - 2385 = -19237. Let g = c + -326. Calculate the greatest common divisor of 76 and g.
19
Let y be (-2)/(-2) + 583/(-11). Let o = 46 + y. Let n be (160/(-24))/(2/o). Calculate the greatest common factor of n and 100.
20
Let j be 1611560/360 + (-12)/(-27). Calculate the greatest common factor of 363 and j.
121
Let q = 372 + -291. Let f be 3*-12*3*(-63)/q. What is the highest common factor of 12 and f?
12
Suppose -q = 4*f + 10, -12 = 2*f + 2*f. Suppose -m + 6*z = 11*z - 31, q*m = -2*z + 46. What is the greatest common divisor of 189 and m?
21
Suppose 28*p = -10810 + 67454. Suppose p = 17*l - 17. What is the highest common divisor of l and 30?
30
Suppose -12 - 280 = 4*x. Suppose i + 48 + 83 = 5*y, 0 = 3*i - 4*y + 371. Let v = x - i. What is the greatest common factor of 120 and v?
24
Let b = 47 + -42. Suppose 3*y - a - 3 = 6, b*y = -2*a + 15. Suppose 0*c - 108 = -4*c. What is the greatest common divisor of c and y?
3
Let b(o) = 6*o**2 - 250*o + 238. Let z be b(78). What is the highest common divisor of z and 74?
74
Let s = -13771 - -13785. What is the highest common divisor of 4025 and s?
7
Let n be 63/(-252) + 34/8 + 0. Suppose -n*h + 6*h = 88. What is the highest common factor of 176 and h?
44
Let n(o) = o**2 - 184*o + 1418. Let k be n(8). What is the greatest common divisor of 2390 and k?
10
Suppose -5*c + 480 = 4*i, 5*i = -4*c + 7*c - 288. Suppose c = -2*y + 3*y. Let v = -92 + y. Calculate the highest common factor of v and 14.
2
Let g be (-18)/(6 - 0) - (-1 - 72). Let n = -243 - -733. Calculate the highest common factor of g and n.
70
Suppose -6*c - 125 = -7*c. Let o = c - -115. Suppose -87 = -2*q - 3*z, 2*q - 4*z = -3*q + 252. What is the greatest common factor of q and o?
48
Let a be (7/(-14))/((-1)/26). Let o be 5 + (-3 - (-12)/6). Let h be 154 - (o + (-30)/5). What is the greatest common divisor of a and h?
13
Suppose -2148 = -5*j - 3*x, -378 = -2*j - 4*x + 470. Let p = -414 + j. What is the gr